 Suppose 4*p - 3*p + i = 0. Let v = 86 + p. What are the prime factors of v?
2, 17
Let m(s) = s**2 + 13*s + 41. What are the prime factors of m(12)?
11, 31
Let x be -18 - -14 - 2*-3. Suppose x*h - 47 - 51 = 0. What are the prime factors of h?
7
Suppose 0 = -3*x + 2*x + 6. Suppose -210 = -9*r + x*r. Let y = r - 40. List the prime factors of y.
2, 3, 5
Let u(s) be the third derivative of -s**6/20 + s**5/20 - s**4/24 - s**3/6 - s**2. Let h be u(1). What are the prime factors of (-3 - 84/20)*h?
2, 3
What are the prime factors of -51*(-2364)/162 + (-2)/9?
2, 3, 31
Suppose -5*l + 584 = -4*l. What are the prime factors of l?
2, 73
Let r = -117 + 183. Suppose -r = -2*h + 232. List the prime factors of h.
149
Suppose 0 = 2*r + 3*c - 170, 2*c = 4*r - 234 - 90. Let i = r - 49. What are the prime factors of i?
3, 11
Let x(r) = -r - 20. Let h be x(-8). What are the prime factors of 7/28 + (-597)/h?
2, 5
Let x = 2173 - 848. List the prime factors of x.
5, 53
Suppose 3*g = -2*o - 307, 3*o + 4*g + 83 = -375. Let d = -65 - o. What are the prime factors of d?
3
Suppose 5*l = 5*s + 15, -4*l = 4*s + 18 + 34. What are the prime factors of (s + 3)/5 - -204?
7, 29
Suppose 0 = 5*w - 8*w + 294. Suppose -w = -u + c, -u + 5*c + 110 = c. List the prime factors of u.
2, 47
Let j = -103 + 320. List the prime factors of j.
7, 31
Let f(g) = g**2 + 4 + 5 - 13*g + 1. Let j be f(12). List the prime factors of 15*-1*(0 + j).
2, 3, 5
Let m(a) = a**2 + 6*a + 3. Let p be m(-6). Suppose -p + 15 = -4*y. Let x(k) = -8*k - 4. What are the prime factors of x(y)?
2, 5
Let v(d) = -3*d - 7. Let g be v(-6). Let o be 487*-2 - -6*2/(-6). List the prime factors of o/(-44) + (-2)/g.
2, 11
Suppose 0 = 5349*k - 5339*k - 44670. List the prime factors of k.
3, 1489
Let d(p) = -22*p + 6. Let f be d(11). Let u = 395 + f. List the prime factors of u.
3, 53
Let j(y) = -y**2 + 4*y + 10. Let g be j(-5). Let o(r) = -r**3 + 9*r**2 + 7*r + 11. Let t be o(10). Let s = t - g. What are the prime factors of s?
2
Suppose m + 1145 = -5*z, -10*m + 12*m - 229 = z. Let w = 454 + z. List the prime factors of w.
3, 5
Let m(n) = n**3 - n**2 - 2*n - 3. Let w(a) = 4*a - 11. Let i be w(8). Suppose -3*q + i = 4*c, 15 = 2*q + 2*c + 3. What are the prime factors of m(q)?
3
Let p = 3418 - -548. What are the prime factors of p?
2, 3, 661
Let b be (-145 + -1)/(0 - 1). Let c = b - 97. What are the prime factors of c?
7
Suppose -21 = -3*q + m, -4*q + 4*m - 5 = -25. Let o = 15 - q. Suppose o*z - 11*z + 60 = 0. List the prime factors of z.
3, 5
Let x = 413 + 186. What are the prime factors of x?
599
Let g be (-16)/(-6)*(-3)/(-2). Suppose 0 = p - 9 + g. Suppose 98 = -p*h + 428. List the prime factors of h.
2, 3, 11
Suppose -2*h + 7*h = -120. Let i = h - -37. List the prime factors of i.
13
Let z = -64 + 20. Let a = 63 + z. List the prime factors of a.
19
Suppose 2*l = -5*u + 410, -2*u = 4*l + l - 143. Suppose -7*z + u = 28. Suppose -4*c = -z*c + 116. List the prime factors of c.
29
Let x = -469 + 1038. What are the prime factors of x?
569
Suppose 3*f + 3*b + 141 = 5*f, -4*b = f - 65. Suppose -6*g = 35 - 119. Let o = f - g. List the prime factors of o.
5, 11
Let q(c) = -32 + 17 + c**2 + 27. List the prime factors of q(-5).
37
Let j = 19 + -15. Suppose -3*l = -j*m + 41, -18 - 30 = -4*m - 4*l. Let n = m - -19. What are the prime factors of n?
2, 3, 5
Suppose 0 = 2*l + i - 198, 5*i + 368 = 4*l - 0*l. What are the prime factors of l?
97
Let o = 4 - 1. Suppose -2*n - o = -7. Suppose n*a - 15 = 29. What are the prime factors of a?
2, 11
What are the prime factors of (16 - 2)*(45/6 + 6)?
3, 7
Suppose -3*c - 4356 = c + 4*j, 3*c - 4*j = -3288. What are the prime factors of (c/63)/((-2)/6)?
2, 13
Let u be 4*-1 + 2 + 6. Let a be (14/(-6))/(u/12). List the prime factors of (-33)/a - 2/(-7).
5
Suppose 2*g = 17 - 13. Suppose 2*f = 5*l + 437, 0 = 3*l + g*l - 5. List the prime factors of f.
13, 17
Suppose -3*j = -20 + 8. Suppose 432 = j*r + 2*r. List the prime factors of r.
2, 3
Suppose -792 = -8*h + 2704. List the prime factors of h.
19, 23
Suppose -152 + 503 = -3*u. Let l = 171 + u. What are the prime factors of l?
2, 3
Suppose 0 = 12*f + 26*f - 13148. List the prime factors of f.
2, 173
Let r be (10/(-4))/(-1)*2. Suppose -5*q + 10 = -r. List the prime factors of 3/q*15/1.
3, 5
Let x = -11 - -3. Let z = -4 + 7. Let y = z - x. What are the prime factors of y?
11
Let a be (-712)/(-40) + (-2)/(-10). Suppose -v - a = 2*v. Let d = -1 - v. List the prime factors of d.
5
Let v(p) = -19*p - 18. Let g be v(-12). Suppose -2*b - 3*x + 408 = -g, -5*b = -5*x - 1495. What are the prime factors of b?
3, 101
Let s be (-24)/(-2)*((-335)/(-20) - 7). Suppose 8*q = 5*q + s. What are the prime factors of q?
3, 13
Let w(f) = -3*f + 1. Let o be w(2). List the prime factors of ((-2)/(-6))/(o/(-2430)*2).
3
Suppose 3*a = -2*a + 1130. Suppose -3*m + 2*h = -229, -86 = -4*m + h + a. List the prime factors of m.
79
Let u = 120 - 117. Suppose 4*c + u*b = 257, 177 = 3*c - b - 2*b. What are the prime factors of c?
2, 31
Let c(g) = g**3 - 15*g**2 + 26*g - 20. Let l be c(13). Let m(i) = -3*i + 47. List the prime factors of m(l).
107
Let g(f) = 13*f**3 - 2*f**2 + 3*f + 13. List the prime factors of g(7).
3, 5, 293
Let n(s) be the first derivative of s**4/8 - 9*s**3/2 + 5*s**2/2 + 6. Let p(h) be the second derivative of n(h). What are the prime factors of p(13)?
2, 3
Suppose 4*c + 8 - 24 = 0. Suppose 0*n - 2*n - 2*l + 78 = 0, -2*l - 174 = -c*n. What are the prime factors of n?
2, 3, 7
Let d(a) = -5*a - 101. What are the prime factors of d(-32)?
59
Suppose -5*c = -4*u - 9612, 2*c + 5757 = 5*c + u. List the prime factors of c.
2, 3, 5
Let l(b) = -b**3 - 8*b**2 - 4*b + 2. Let j be l(-7). Let p = j + 31. What are the prime factors of p?
2, 3
Suppose 0 = -q - 2*q - 4*f + 580, -2*f = 2*q - 386. Let l = 298 - q. What are the prime factors of l?
2, 53
Suppose 0 = -9*o - 5*o + 56. Let b(w) = 4. Let k(h) = h + 4. Let f(r) = -2*b(r) + 3*k(r). What are the prime factors of f(o)?
2
Let h(p) = -p**2 + p - 1. Let y(s) = 8*s**2 - 23*s + 1. Let v(g) = 6*h(g) + y(g). Let r be v(9). List the prime factors of r - (1 - 2) - -2.
7
Suppose -11*m - 6336 = -19*m. List the prime factors of m.
2, 3, 11
Suppose 5*u + 4*n + 35 = 6*u, n = 5*u - 175. Suppose -z + u = 8. List the prime factors of z.
3
Let l be -10 - (3 + -3) - -2. Let b(w) = w + 14. Let g be b(l). Suppose 5*m - g*d + d = 115, -2*m = -4*d - 38. What are the prime factors of m?
3
Suppose 22*v - 44*v + 105248 = 0. List the prime factors of v.
2, 13, 23
Suppose -86 = 7*y - 716. Suppose -y - 102 = -6*b. List the prime factors of b.
2
Let k(b) be the second derivative of -b**5/20 - 7*b**4/6 - 7*b**3/3 - 7*b**2 + 3*b. Let r be k(-13). Let u = 13 - r. What are the prime factors of u?
2, 7
Let t = 23 + -6. Let u(m) = -12*m - t*m - 1 + 2*m - 22*m. List the prime factors of u(-1).
2, 3
Let p(u) = 21*u**3 + 5*u**2 - 5*u + 6. List the prime factors of p(3).
3, 67
Suppose 4*r + d - 78 = 0, d = 2*r - 4 - 38. What are the prime factors of (-36)/(r/8 + -4)?
2, 3
Suppose -2*k = -2*m + 3*k + 37, -m + 31 = -5*k. Let r = m - 42. Let l = r - -58. List the prime factors of l.
2, 11
Suppose -17*k + 0*k + 901 = 0. Suppose 2*p + 238 = 5*y, -5*p - k + 10 = -y. List the prime factors of y.
2, 3
Let b = -6 + 8. Let z(a) be the second derivative of 3*a**4/4 + a**3/3 - 3*a**2/2 + a. What are the prime factors of z(b)?
37
Let g(s) = -s - 13. Let l be g(-20). Let p be (-6)/105*-5*l. Suppose -2*b = -4*v - 112, -163 = -5*b + p*b + v. List the prime factors of b.
2, 3
Let l(m) = m**3 - 10*m**2 - 9*m + 8. Let f be l(11). List the prime factors of -845*(0 + (-12)/f).
2, 13
Suppose -3 = 16*d - 15*d, 2*v - 5*d = 383. What are the prime factors of v?
2, 23
Suppose 12 + 52 = 4*o. Let v = -14 + o. List the prime factors of v.
2
Suppose 241 - 5764 = -21*m. What are the prime factors of m?
263
Suppose 5*f = 7*t - 6*t + 10027, f - 2012 = -2*t. What are the prime factors of f?
2, 17, 59
Suppose 5*g = 35 + 35. Suppose -q - g = -74. List the prime factors of q.
2, 3, 5
Suppose 0 = -404*s + 405*s - 1402. What are the prime factors of s?
2, 701
Let l = 1022 + 1120. What are the prime factors of l?
2, 3, 7, 17
Suppose 0 = 21*r + 9548 - 49364. List the prime factors of r.
2, 3, 79
Let l be (2 - 